{"id":96,"date":"2014-01-26T10:34:01","date_gmt":"2014-01-26T10:34:01","guid":{"rendered":"http:\/\/astrid-kruse.de\/?page_id=96"},"modified":"2023-03-11T07:57:25","modified_gmt":"2023-03-11T07:57:25","slug":"ausstellungen","status":"publish","type":"page","link":"https:\/\/astrid-kruse.de\/?page_id=96","title":{"rendered":"Ausstellungen"},"content":{"rendered":"","protected":false},"excerpt":{"rendered":"","protected":false},"author":1,"featured_media":0,"parent":0,"menu_order":0,"comment_status":"closed","ping_status":"open","template":"page-portfolio.php","meta":[],"jetpack_sharing_enabled":true,"jetpack_shortlink":"https:\/\/wp.me\/P4hUDp-1y","jetpack-related-posts":[{"id":128,"url":"https:\/\/astrid-kruse.de\/?page_id=128","url_meta":{"origin":96,"position":0},"title":"Kurse f\u00fcr Kinder und Jugendliche","date":"Januar 26, 2014","format":false,"excerpt":"Die Kurse\u00a0 (12 Maltermine) f\u00fcr Kinder ab sechs Jahren und Jugendliche finden entsprechend ihrer Altersstufe an verschiedenen Nachmittagen einmal w\u00f6chentlich statt. Es gibt 60- und 90-min\u00fctige Kurse. 60min Kurs: 12 x 60 Minuten, \u20ac 134,50 inkl. Material 90min Kurs: 12 x 90 Minuten, \u20ac 169,80 inkl. Material Regelm\u00e4\u00dfig pr\u00e4sentieren wir\u2026","rel":"","context":"\u00c4hnlicher Beitrag","img":{"alt_text":"","src":"https:\/\/i0.wp.com\/astrid-kruse.de\/wp-content\/uploads\/2023\/09\/9E5F305A-0D57-4BEB-81C6-817FF753647F_1_105_c-e1694595856765.jpeg?resize=350%2C200&ssl=1","width":350,"height":200},"classes":[]}],"_links":{"self":[{"href":"https:\/\/astrid-kruse.de\/index.php?rest_route=\/wp\/v2\/pages\/96"}],"collection":[{"href":"https:\/\/astrid-kruse.de\/index.php?rest_route=\/wp\/v2\/pages"}],"about":[{"href":"https:\/\/astrid-kruse.de\/index.php?rest_route=\/wp\/v2\/types\/page"}],"author":[{"embeddable":true,"href":"https:\/\/astrid-kruse.de\/index.php?rest_route=\/wp\/v2\/users\/1"}],"replies":[{"embeddable":true,"href":"https:\/\/astrid-kruse.de\/index.php?rest_route=%2Fwp%2Fv2%2Fcomments&post=96"}],"version-history":[{"count":7,"href":"https:\/\/astrid-kruse.de\/index.php?rest_route=\/wp\/v2\/pages\/96\/revisions"}],"predecessor-version":[{"id":1350,"href":"https:\/\/astrid-kruse.de\/index.php?rest_route=\/wp\/v2\/pages\/96\/revisions\/1350"}],"wp:attachment":[{"href":"https:\/\/astrid-kruse.de\/index.php?rest_route=%2Fwp%2Fv2%2Fmedia&parent=96"}],"curies":[{"name":"wp","href":"https:\/\/api.w.org\/{rel}","templated":true}]}}

Kurse für Kinder und Jugendliche

Die Kurse  (12 Maltermine) für Kinder ab sechs Jahren und Jugendliche finden entsprechend ihrer Altersstufe an verschiedenen Nachmittagen einmal wöchentlich statt. Es gibt 60- und 90-minütige Kurse. 60min Kurs: 12 x 60 Minuten, € 134,50 inkl. Material 90min Kurs: 12 x 90 Minuten, € 169,80 inkl. Material Regelmäßig präsentieren wir…

Ähnlicher Beitrag
