{"id":882,"date":"2014-03-10T06:29:34","date_gmt":"2014-03-10T06:29:34","guid":{"rendered":"http:\/\/astrid-kruse.de\/?post_type=portfolio&#038;p=882"},"modified":"2014-03-10T11:36:13","modified_gmt":"2014-03-10T11:36:13","slug":"projekte-in-kooperation-mit-der-musikschule-trossingen","status":"publish","type":"portfolio","link":"http:\/\/astrid-kruse.de\/?portfolio=projekte-in-kooperation-mit-der-musikschule-trossingen","title":{"rendered":"Projekte in Kooperation mit der Musikschule Trossingen"},"content":{"rendered":"<h4 style=\"text-align: left;\"><span style=\"color: #800080;\">Wusel<\/span><\/h4>\n<p style=\"text-align: left;\">Eine Klanggeschichte um ein au\u00dferirdisches Wesen, welches mit seinen Freunden ein Raumschiff kapert und durch die Galaxien reist.<\/p>\n<p style=\"text-align: left;\">Die Akkordeongruppe unter Leitung von ihrer Lehrerin Sabine K\u00f6lz f\u00fchrt die Klanggeschichte &#8222;Wusel&#8220; am Musikschulfest im Juli 2013 auf. Die Malsch\u00fcler haben dazu Hintergrundbilder gestaltet.<\/p>\n<figure id=\"attachment_395\" class=\"thumbnail wp-caption alignright\" style=\"width: 187px\"><a href=\"https:\/\/i0.wp.com\/astrid-kruse.de\/wp-content\/uploads\/2014\/01\/1.7-Reise-entlang-der-Galaxien-e1392289154716.jpg\"><img data-attachment-id=\"395\" data-permalink=\"http:\/\/astrid-kruse.de\/?attachment_id=395\" data-orig-file=\"https:\/\/i0.wp.com\/astrid-kruse.de\/wp-content\/uploads\/2014\/01\/1.7-Reise-entlang-der-Galaxien-e1392289154716.jpg?fit=600%2C863\" data-orig-size=\"600,863\" data-comments-opened=\"1\" data-image-meta=\"{&quot;aperture&quot;:&quot;3.3&quot;,&quot;credit&quot;:&quot;Picasa&quot;,&quot;camera&quot;:&quot;DMC-TZ10&quot;,&quot;caption&quot;:&quot;&quot;,&quot;created_timestamp&quot;:&quot;1371975022&quot;,&quot;copyright&quot;:&quot;&quot;,&quot;focal_length&quot;:&quot;4.1&quot;,&quot;iso&quot;:&quot;800&quot;,&quot;shutter_speed&quot;:&quot;0.02&quot;,&quot;title&quot;:&quot;&quot;}\" data-image-title=\"Reise entlang der Galaxien\" data-image-description=\"\" data-image-caption=\"&lt;p&gt;Reise entlang der Galaxien&lt;\/p&gt;\n\" data-medium-file=\"https:\/\/i0.wp.com\/astrid-kruse.de\/wp-content\/uploads\/2014\/01\/1.7-Reise-entlang-der-Galaxien-e1392289154716.jpg?fit=208%2C300\" data-large-file=\"https:\/\/i0.wp.com\/astrid-kruse.de\/wp-content\/uploads\/2014\/01\/1.7-Reise-entlang-der-Galaxien-e1392289154716.jpg?fit=711%2C1024\" decoding=\"async\" loading=\"lazy\" class=\"wp-image-395 \" alt=\"Reise entlang der Galaxien\" src=\"https:\/\/i0.wp.com\/astrid-kruse.de\/wp-content\/uploads\/2014\/01\/1.7-Reise-entlang-der-Galaxien.jpg?resize=187%2C270\" width=\"187\" height=\"270\" data-recalc-dims=\"1\" \/><\/a><figcaption class=\"caption wp-caption-text\">Reise entlang der Galaxien<\/figcaption><\/figure>\n<p style=\"text-align: left;\">Informationen zur <a href=\"http:\/\/www.musikschuletrossingen.de\/home.html\">Musikschule Trossingen<\/a><\/p>\n","protected":false},"excerpt":{"rendered":"<p>Wusel Eine Klanggeschichte um ein au\u00dferirdisches Wesen, welches mit seinen Freunden ein Raumschiff kapert und durch die Galaxien reist. Die Akkordeongruppe unter Leitung von ihrer Lehrerin Sabine K\u00f6lz f\u00fchrt die Klanggeschichte &#8222;Wusel&#8220; am Musikschulfest im Juli 2013 auf. Die Malsch\u00fcler &hellip; <a href=\"http:\/\/astrid-kruse.de\/?portfolio=projekte-in-kooperation-mit-der-musikschule-trossingen\">Weiter<\/a><\/p>\n","protected":false},"author":2,"featured_media":886,"menu_order":0,"comment_status":"open","ping_status":"open","template":"","meta":[],"portfolio-type":[17],"jetpack_sharing_enabled":true,"_links":{"self":[{"href":"http:\/\/astrid-kruse.de\/index.php?rest_route=\/wp\/v2\/portfolio\/882"}],"collection":[{"href":"http:\/\/astrid-kruse.de\/index.php?rest_route=\/wp\/v2\/portfolio"}],"about":[{"href":"http:\/\/astrid-kruse.de\/index.php?rest_route=\/wp\/v2\/types\/portfolio"}],"author":[{"embeddable":true,"href":"http:\/\/astrid-kruse.de\/index.php?rest_route=\/wp\/v2\/users\/2"}],"replies":[{"embeddable":true,"href":"http:\/\/astrid-kruse.de\/index.php?rest_route=%2Fwp%2Fv2%2Fcomments&post=882"}],"wp:featuredmedia":[{"embeddable":true,"href":"http:\/\/astrid-kruse.de\/index.php?rest_route=\/wp\/v2\/media\/886"}],"wp:attachment":[{"href":"http:\/\/astrid-kruse.de\/index.php?rest_route=%2Fwp%2Fv2%2Fmedia&parent=882"}],"wp:term":[{"taxonomy":"portfolio-type","embeddable":true,"href":"http:\/\/astrid-kruse.de\/index.php?rest_route=%2Fwp%2Fv2%2Fportfolio-type&post=882"}],"curies":[{"name":"wp","href":"https:\/\/api.w.org\/{rel}","templated":true}]}}

<h4 style="text-align: left;"><span style="color: #800080;">Wusel</span></h4>
<p style="text-align: left;">Eine Klanggeschichte um ein außerirdisches Wesen, welches mit seinen Freunden ein Raumschiff kapert und durch die Galaxien reist.</p>
<p style="text-align: left;">Die Akkordeongruppe unter Leitung von ihrer Lehrerin Sabine Kölz führt die Klanggeschichte &#8222;Wusel&#8220; am Musikschulfest im Juli 2013 auf. Die Malschüler haben dazu Hintergrundbilder gestaltet.</p>
<figure id="attachment_395" class="thumbnail wp-caption alignright" style="width: 187px"><a href="https://i0.wp.com/astrid-kruse.de/wp-content/uploads/2014/01/1.7-Reise-entlang-der-Galaxien-e1392289154716.jpg"><img data-attachment-id="395" data-permalink="http://astrid-kruse.de/?attachment_id=395" data-orig-file="https://i0.wp.com/astrid-kruse.de/wp-content/uploads/2014/01/1.7-Reise-entlang-der-Galaxien-e1392289154716.jpg?fit=600%2C863" data-orig-size="600,863" data-comments-opened="1" data-image-meta="{&quot;aperture&quot;:&quot;3.3&quot;,&quot;credit&quot;:&quot;Picasa&quot;,&quot;camera&quot;:&quot;DMC-TZ10&quot;,&quot;caption&quot;:&quot;&quot;,&quot;created_timestamp&quot;:&quot;1371975022&quot;,&quot;copyright&quot;:&quot;&quot;,&quot;focal_length&quot;:&quot;4.1&quot;,&quot;iso&quot;:&quot;800&quot;,&quot;shutter_speed&quot;:&quot;0.02&quot;,&quot;title&quot;:&quot;&quot;}" data-image-title="Reise entlang der Galaxien" data-image-description="" data-image-caption="&lt;p&gt;Reise entlang der Galaxien&lt;/p&gt;
" data-medium-file="https://i0.wp.com/astrid-kruse.de/wp-content/uploads/2014/01/1.7-Reise-entlang-der-Galaxien-e1392289154716.jpg?fit=208%2C300" data-large-file="https://i0.wp.com/astrid-kruse.de/wp-content/uploads/2014/01/1.7-Reise-entlang-der-Galaxien-e1392289154716.jpg?fit=711%2C1024" decoding="async" loading="lazy" class="wp-image-395 " alt="Reise entlang der Galaxien" src="https://i0.wp.com/astrid-kruse.de/wp-content/uploads/2014/01/1.7-Reise-entlang-der-Galaxien.jpg?resize=187%2C270" width="187" height="270" data-recalc-dims="1" /></a><figcaption class="caption wp-caption-text">Reise entlang der Galaxien</figcaption></figure>
<p style="text-align: left;">Informationen zur <a href="http://www.musikschuletrossingen.de/home.html">Musikschule Trossingen</a></p>

<p>Wusel Eine Klanggeschichte um ein außerirdisches Wesen, welches mit seinen Freunden ein Raumschiff kapert und durch die Galaxien reist. Die Akkordeongruppe unter Leitung von ihrer Lehrerin Sabine Kölz führt die Klanggeschichte &#8222;Wusel&#8220; am Musikschulfest im Juli 2013 auf. Die Malschüler &hellip; <a href="http://astrid-kruse.de/?portfolio=projekte-in-kooperation-mit-der-musikschule-trossingen">Weiter</a></p>
