{"id":68,"date":"2014-01-25T20:34:35","date_gmt":"2014-01-25T20:34:35","guid":{"rendered":"http:\/\/astrid-kruse.de\/?page_id=68"},"modified":"2015-05-02T11:46:55","modified_gmt":"2015-05-02T11:46:55","slug":"schnupperstunde","status":"publish","type":"page","link":"http:\/\/astrid-kruse.de\/?page_id=68","title":{"rendered":"Antrag auf Schnupperstunde"},"content":{"rendered":"<p>Wenn Sie oder Ihr Kind Interesse an einer Schnupperstunde haben, freue ich mich sehr. Bitte f\u00fcllen Sie das folgende Formular aus. Ich werde mich dann so schnell als m\u00f6glich bei Ihnen melden.<\/p>\n\n<div class=\"wpcf7 no-js\" id=\"wpcf7-f67-o1\" lang=\"de-DE\" dir=\"ltr\">\n<div class=\"screen-reader-response\"><p role=\"status\" aria-live=\"polite\" aria-atomic=\"true\"><\/p> <ul><\/ul><\/div>\n<form action=\"\/index.php?rest_route=%2Fwp%2Fv2%2Fpages%2F68#wpcf7-f67-o1\" method=\"post\" class=\"wpcf7-form init\" aria-label=\"Kontaktformular\" novalidate=\"novalidate\" data-status=\"init\">\n<div style=\"display: none;\">\n<input type=\"hidden\" name=\"_wpcf7\" value=\"67\" \/>\n<input type=\"hidden\" name=\"_wpcf7_version\" value=\"5.7.4\" \/>\n<input type=\"hidden\" name=\"_wpcf7_locale\" value=\"de_DE\" \/>\n<input type=\"hidden\" name=\"_wpcf7_unit_tag\" value=\"wpcf7-f67-o1\" \/>\n<input type=\"hidden\" name=\"_wpcf7_container_post\" value=\"0\" \/>\n<input type=\"hidden\" name=\"_wpcf7_posted_data_hash\" value=\"\" \/>\n<\/div>\n<table>\n\t<tr>\n\t\t<td>\n\t\t\t<p>Name des Sch\u00fclers (Pflichtfeld)<br \/>\n<span class=\"wpcf7-form-control-wrap\" data-name=\"student-name\"><input size=\"40\" class=\"wpcf7-form-control wpcf7-text wpcf7-validates-as-required\" aria-required=\"true\" aria-invalid=\"false\" placeholder=\"Vorname Nachname\" value=\"\" type=\"text\" name=\"student-name\" \/><\/span>\n\t\t\t<\/p>\n\t\t\t<p> Geburtsdatum (Pflichtfeld)\n\t\t\t<\/p>\n\t\t\t<p><span class=\"wpcf7-form-control-wrap\" data-name=\"dob\"><input size=\"40\" class=\"wpcf7-form-control wpcf7-text wpcf7-validates-as-required\" aria-required=\"true\" aria-invalid=\"false\" placeholder=\"tt.mm.jjjj\" value=\"\" type=\"text\" name=\"dob\" \/><\/span>\n\t\t\t<\/p>\n\t\t\t<p>Geschlecht (Pflichtfeld)\n\t\t\t<\/p>\n\t\t\t<p><span class=\"wpcf7-form-control-wrap\" data-name=\"sex\"><select class=\"wpcf7-form-control wpcf7-select wpcf7-validates-as-required\" aria-required=\"true\" aria-invalid=\"false\" name=\"sex\"><option value=\"m\u00e4nnlich\">m\u00e4nnlich<\/option><option value=\"weiblich\">weiblich<\/option><option value=\"keine Angabe\">keine Angabe<\/option><\/select><\/span>\n\t\t\t<\/p>\n\t\t\t<p>Wunschtermin (jeweils nachmittags)\n\t\t\t<\/p>\n\t\t\t<p><span class=\"wpcf7-form-control-wrap\" data-name=\"date\"><select class=\"wpcf7-form-control wpcf7-select\" aria-invalid=\"false\" name=\"date\"><option value=\"Montag\">Montag<\/option><option value=\"Dienstag\">Dienstag<\/option><option value=\"Mittwoch\">Mittwoch<\/option><option value=\"Donnerstag\">Donnerstag<\/option><option value=\"Freitag\">Freitag<\/option><option value=\"andere Termin (bitte unter &#039;Sonstiges&#039; vermerken)\">andere Termin (bitte unter &#039;Sonstiges&#039; vermerken)<\/option><\/select><\/span>\n\t\t\t<\/p>\n\t\t\t<p>Name (Pflichtfeld)\n\t\t\t<\/p>\n\t\t\t<p><span class=\"wpcf7-form-control-wrap\" data-name=\"your-name\"><input size=\"40\" class=\"wpcf7-form-control wpcf7-text wpcf7-validates-as-required\" aria-required=\"true\" aria-invalid=\"false\" placeholder=\"Name des Erziehungsberechtigten\" value=\"\" type=\"text\" name=\"your-name\" \/><\/span>\n\t\t\t<\/p>\n\t\t\t<p>Ihre E-Mail-Adresse (Pflichtfeld)\n\t\t\t<\/p>\n\t\t\t<p><span class=\"wpcf7-form-control-wrap\" data-name=\"your-email\"><input size=\"40\" class=\"wpcf7-form-control wpcf7-text wpcf7-email wpcf7-validates-as-required wpcf7-validates-as-email\" aria-required=\"true\" aria-invalid=\"false\" placeholder=\"Ihre E-Mail-Adresse\" value=\"\" type=\"email\" name=\"your-email\" \/><\/span>\n\t\t\t<\/p>\n\t\t\t<p>Ihre Telefonnummer (Pflichtfeld)\n\t\t\t<\/p>\n\t\t\t<p><span class=\"wpcf7-form-control-wrap\" data-name=\"your-tel\"><input size=\"40\" class=\"wpcf7-form-control wpcf7-text wpcf7-tel wpcf7-validates-as-required wpcf7-validates-as-tel\" aria-required=\"true\" aria-invalid=\"false\" placeholder=\"(01234) 567 890\" value=\"\" type=\"tel\" name=\"your-tel\" \/><\/span>\n\t\t\t<\/p>\n\t\t\t<p>Anschrift\n\t\t\t<\/p>\n\t\t\t<p><span class=\"wpcf7-form-control-wrap\" data-name=\"your-street\"><input size=\"40\" class=\"wpcf7-form-control wpcf7-text\" aria-invalid=\"false\" placeholder=\"Stra\u00dfe, Hausnummer\" value=\"\" type=\"text\" name=\"your-street\" \/><\/span>\n\t\t\t<\/p>\n\t\t\t<p><span class=\"wpcf7-form-control-wrap\" data-name=\"your-town\"><input size=\"40\" class=\"wpcf7-form-control wpcf7-text\" aria-invalid=\"false\" placeholder=\"PLZ, Stadt\" value=\"\" type=\"text\" name=\"your-town\" \/><\/span>\n\t\t\t<\/p>\n\t\t\t<p>Sonstiges\n\t\t\t<\/p>\n\t\t\t<p><span class=\"wpcf7-form-control-wrap\" data-name=\"your-message\"><textarea cols=\"2\" rows=\"2\" class=\"wpcf7-form-control wpcf7-textarea\" aria-invalid=\"false\" placeholder=\"Ihre (optionale) Nachricht\" name=\"your-message\"><\/textarea><\/span>\n\t\t\t<\/p>\n\t\t<\/td>\n\t<\/tr>\n<\/table>\n<p><input class=\"wpcf7-form-control has-spinner wpcf7-submit\" type=\"submit\" value=\"Senden\" \/>\n<\/p><p style=\"display: none !important;\"><label>&#916;<textarea name=\"_wpcf7_ak_hp_textarea\" cols=\"45\" rows=\"8\" maxlength=\"100\"><\/textarea><\/label><input type=\"hidden\" id=\"ak_js_1\" name=\"_wpcf7_ak_js\" value=\"152\"\/><script>document.getElementById( \"ak_js_1\" ).setAttribute( \"value\", ( new Date() ).getTime() );<\/script><\/p><div class=\"wpcf7-response-output\" aria-hidden=\"true\"><\/div>\n<\/form>\n<\/div>\n\n","protected":false},"excerpt":{"rendered":"<p>Wenn Sie oder Ihr Kind Interesse an einer Schnupperstunde haben, freue ich mich sehr. Bitte f\u00fcllen Sie das folgende Formular aus. Ich werde mich dann so schnell als m\u00f6glich bei Ihnen melden.<\/p>\n","protected":false},"author":1,"featured_media":28,"parent":65,"menu_order":0,"comment_status":"closed","ping_status":"open","template":"page-fullwidth.php","meta":[],"jetpack_sharing_enabled":true,"jetpack_shortlink":"https:\/\/wp.me\/P4hUDp-16","jetpack-related-posts":[{"id":65,"url":"http:\/\/astrid-kruse.de\/?page_id=65","url_meta":{"origin":68,"position":0},"title":"Kontakt","date":"Januar 25, 2014","format":false,"excerpt":"Wenn Sie Interesse an den Kursangeboten haben, k\u00f6nnen Sie sich gerne bei mir melden. Gerne stehe ich Ihnen auch f\u00fcr ein pers\u00f6nliches Gespr\u00e4ch zur \u00a0Verf\u00fcgung. Sie erreichen mich unter der Telefonnummer\u00a007425 \u2013 27 193\u00a0oder per Email astridkruse@gmx.de. Alternativ k\u00f6nnen Sie auch gerne online ein Kontaktformular ausf\u00fcllen. \u00a0 Standort:","rel":"","context":"\u00c4hnlicher Beitrag","img":{"alt_text":"","src":"","width":0,"height":0},"classes":[]},{"id":106,"url":"http:\/\/astrid-kruse.de\/?page_id=106","url_meta":{"origin":68,"position":1},"title":"Kontaktformular","date":"Januar 26, 2014","format":false,"excerpt":"Sie k\u00f6nnen mir hier gerne Ihre Nachricht hinterlassen und ich werde mich bei Ihnen melden. Hinweise zur Verarbeitung Ihrer Angaben und Widerspruchsrechte: Datenschutzerkl\u00e4rung","rel":"","context":"\u00c4hnlicher Beitrag","img":{"alt_text":"","src":"","width":0,"height":0},"classes":[]},{"id":851,"url":"http:\/\/astrid-kruse.de\/","url_meta":{"origin":68,"position":2},"title":"Startseite","date":"M\u00e4rz 9, 2014","format":false,"excerpt":"Willkommen in der Malschule Astrid Kruse Mit einem vielf\u00e4ltigen Kursangebot und Informationen \u00fcber unsere Arbeit m\u00f6chte ich Sie in die Welt des Gestaltens hineinnehmen. Lassen Sie sich verzaubern von Formen und Farben.","rel":"","context":"\u00c4hnlicher Beitrag","img":{"alt_text":"","src":"","width":0,"height":0},"classes":[]},{"id":146,"url":"http:\/\/astrid-kruse.de\/?page_id=146","url_meta":{"origin":68,"position":3},"title":"Astrid Kruse","date":"Januar 26, 2014","format":false,"excerpt":"Der Mensch, das Augenwesen, braucht ein Bild. Leonardo da Vinci Als K\u00fcnstlerin wie auch als ausgebildete und langj\u00e4hrig praktizierende Heilpraktikerin, mit Ausbildung in Gestaltungstherapie und Altenpflege, habe ich einen umfassenden Blick auf sch\u00f6pferisches Tun und kreative Prozesse. Kunst ist mehr, als Bilder zu malen. Kunst findet zuerst in jedem Malenden\u2026","rel":"","context":"\u00c4hnlicher Beitrag","img":{"alt_text":"","src":"https:\/\/i0.wp.com\/astrid-kruse.de\/wp-content\/uploads\/2017\/03\/Astrid-1-225x300.jpg?resize=350%2C200","width":350,"height":200},"classes":[]},{"id":130,"url":"http:\/\/astrid-kruse.de\/?page_id=130","url_meta":{"origin":68,"position":4},"title":"Kurse f\u00fcr Erwachsene","date":"Januar 26, 2014","format":false,"excerpt":"Jeder K\u00fcnstler hat irgendwann einmal als Amateur angefangen. Ralph Waldo Emerson Sie m\u00f6chten anfangen zu malen und zu zeichnen, oder wieder einsteigen, Sie suchen Ideen und Anregungen oder wollen in Ihrem kreativen Prozess fortfahren? In freundlicher Atmosph\u00e4re und Schritt f\u00fcr Schritt erlernen Sie das Umsetzen von Bildern, das Experimentieren mit\u2026","rel":"","context":"\u00c4hnlicher Beitrag","img":{"alt_text":"","src":"","width":0,"height":0},"classes":[]},{"id":128,"url":"http:\/\/astrid-kruse.de\/?page_id=128","url_meta":{"origin":68,"position":5},"title":"Kurse f\u00fcr Kinder und Jugendliche","date":"Januar 26, 2014","format":false,"excerpt":"Die Kurse\u00a0 (12 Maltermine) f\u00fcr Kinder ab sechs Jahren und Jugendliche finden entsprechend ihrer Altersstufe an verschiedenen Nachmittagen einmal w\u00f6chentlich statt. Es gibt 60- und 90-min\u00fctige Kurse. 60min Kurs: 12 x 60 Minuten, \u20ac 134,50 inkl. Material 90min Kurs: 12 x 90 Minuten, \u20ac 169,80 inkl. Material Regelm\u00e4\u00dfig pr\u00e4sentieren wir\u2026","rel":"","context":"\u00c4hnlicher Beitrag","img":{"alt_text":"","src":"https:\/\/i0.wp.com\/astrid-kruse.de\/wp-content\/uploads\/2023\/09\/9E5F305A-0D57-4BEB-81C6-817FF753647F_1_105_c-e1694595856765.jpeg?resize=350%2C200","width":350,"height":200},"classes":[]}],"_links":{"self":[{"href":"http:\/\/astrid-kruse.de\/index.php?rest_route=\/wp\/v2\/pages\/68"}],"collection":[{"href":"http:\/\/astrid-kruse.de\/index.php?rest_route=\/wp\/v2\/pages"}],"about":[{"href":"http:\/\/astrid-kruse.de\/index.php?rest_route=\/wp\/v2\/types\/page"}],"author":[{"embeddable":true,"href":"http:\/\/astrid-kruse.de\/index.php?rest_route=\/wp\/v2\/users\/1"}],"replies":[{"embeddable":true,"href":"http:\/\/astrid-kruse.de\/index.php?rest_route=%2Fwp%2Fv2%2Fcomments&post=68"}],"version-history":[{"count":14,"href":"http:\/\/astrid-kruse.de\/index.php?rest_route=\/wp\/v2\/pages\/68\/revisions"}],"predecessor-version":[{"id":145,"href":"http:\/\/astrid-kruse.de\/index.php?rest_route=\/wp\/v2\/pages\/68\/revisions\/145"}],"up":[{"embeddable":true,"href":"http:\/\/astrid-kruse.de\/index.php?rest_route=\/wp\/v2\/pages\/65"}],"wp:featuredmedia":[{"embeddable":true,"href":"http:\/\/astrid-kruse.de\/index.php?rest_route=\/wp\/v2\/media\/28"}],"wp:attachment":[{"href":"http:\/\/astrid-kruse.de\/index.php?rest_route=%2Fwp%2Fv2%2Fmedia&parent=68"}],"curies":[{"name":"wp","href":"https:\/\/api.w.org\/{rel}","templated":true}]}}

<p>Wenn Sie oder Ihr Kind Interesse an einer Schnupperstunde haben, freue ich mich sehr. Bitte füllen Sie das folgende Formular aus. Ich werde mich dann so schnell als möglich bei Ihnen melden.</p>

<div class="wpcf7 no-js" id="wpcf7-f67-o1" lang="de-DE" dir="ltr">
<div class="screen-reader-response"><p role="status" aria-live="polite" aria-atomic="true"></p> <ul></ul></div>
<form action="/index.php?rest_route=%2Fwp%2Fv2%2Fpages%2F68#wpcf7-f67-o1" method="post" class="wpcf7-form init" aria-label="Kontaktformular" novalidate="novalidate" data-status="init">
<div style="display: none;">
<input type="hidden" name="_wpcf7" value="67" />
<input type="hidden" name="_wpcf7_version" value="5.7.4" />
<input type="hidden" name="_wpcf7_locale" value="de_DE" />
<input type="hidden" name="_wpcf7_unit_tag" value="wpcf7-f67-o1" />
<input type="hidden" name="_wpcf7_container_post" value="0" />
<input type="hidden" name="_wpcf7_posted_data_hash" value="" />
</div>
<table>
	<tr>
		<td>
			<p>Name des Schülers (Pflichtfeld)<br />
<span class="wpcf7-form-control-wrap" data-name="student-name"><input size="40" class="wpcf7-form-control wpcf7-text wpcf7-validates-as-required" aria-required="true" aria-invalid="false" placeholder="Vorname Nachname" value="" type="text" name="student-name" /></span>
			</p>
			<p> Geburtsdatum (Pflichtfeld)
			</p>
			<p><span class="wpcf7-form-control-wrap" data-name="dob"><input size="40" class="wpcf7-form-control wpcf7-text wpcf7-validates-as-required" aria-required="true" aria-invalid="false" placeholder="tt.mm.jjjj" value="" type="text" name="dob" /></span>
			</p>
			<p>Geschlecht (Pflichtfeld)
			</p>
			<p><span class="wpcf7-form-control-wrap" data-name="sex"><select class="wpcf7-form-control wpcf7-select wpcf7-validates-as-required" aria-required="true" aria-invalid="false" name="sex"><option value="männlich">männlich</option><option value="weiblich">weiblich</option><option value="keine Angabe">keine Angabe</option></select></span>
			</p>
			<p>Wunschtermin (jeweils nachmittags)
			</p>
			<p><span class="wpcf7-form-control-wrap" data-name="date"><select class="wpcf7-form-control wpcf7-select" aria-invalid="false" name="date"><option value="Montag">Montag</option><option value="Dienstag">Dienstag</option><option value="Mittwoch">Mittwoch</option><option value="Donnerstag">Donnerstag</option><option value="Freitag">Freitag</option><option value="andere Termin (bitte unter &#039;Sonstiges&#039; vermerken)">andere Termin (bitte unter &#039;Sonstiges&#039; vermerken)</option></select></span>
			</p>
			<p>Name (Pflichtfeld)
			</p>
			<p><span class="wpcf7-form-control-wrap" data-name="your-name"><input size="40" class="wpcf7-form-control wpcf7-text wpcf7-validates-as-required" aria-required="true" aria-invalid="false" placeholder="Name des Erziehungsberechtigten" value="" type="text" name="your-name" /></span>
			</p>
			<p>Ihre E-Mail-Adresse (Pflichtfeld)
			</p>
			<p><span class="wpcf7-form-control-wrap" data-name="your-email"><input size="40" class="wpcf7-form-control wpcf7-text wpcf7-email wpcf7-validates-as-required wpcf7-validates-as-email" aria-required="true" aria-invalid="false" placeholder="Ihre E-Mail-Adresse" value="" type="email" name="your-email" /></span>
			</p>
			<p>Ihre Telefonnummer (Pflichtfeld)
			</p>
			<p><span class="wpcf7-form-control-wrap" data-name="your-tel"><input size="40" class="wpcf7-form-control wpcf7-text wpcf7-tel wpcf7-validates-as-required wpcf7-validates-as-tel" aria-required="true" aria-invalid="false" placeholder="(01234) 567 890" value="" type="tel" name="your-tel" /></span>
			</p>
			<p>Anschrift
			</p>
			<p><span class="wpcf7-form-control-wrap" data-name="your-street"><input size="40" class="wpcf7-form-control wpcf7-text" aria-invalid="false" placeholder="Straße, Hausnummer" value="" type="text" name="your-street" /></span>
			</p>
			<p><span class="wpcf7-form-control-wrap" data-name="your-town"><input size="40" class="wpcf7-form-control wpcf7-text" aria-invalid="false" placeholder="PLZ, Stadt" value="" type="text" name="your-town" /></span>
			</p>
			<p>Sonstiges
			</p>
			<p><span class="wpcf7-form-control-wrap" data-name="your-message"><textarea cols="2" rows="2" class="wpcf7-form-control wpcf7-textarea" aria-invalid="false" placeholder="Ihre (optionale) Nachricht" name="your-message"></textarea></span>
			</p>
		</td>
	</tr>
</table>
<p><input class="wpcf7-form-control has-spinner wpcf7-submit" type="submit" value="Senden" />
</p><p style="display: none !important;"><label>&#916;<textarea name="_wpcf7_ak_hp_textarea" cols="45" rows="8" maxlength="100"></textarea></label><input type="hidden" id="ak_js_1" name="_wpcf7_ak_js" value="152"/><script>document.getElementById( "ak_js_1" ).setAttribute( "value", ( new Date() ).getTime() );</script></p><div class="wpcf7-response-output" aria-hidden="true"></div>
</form>
</div>

<p>Wenn Sie oder Ihr Kind Interesse an einer Schnupperstunde haben, freue ich mich sehr. Bitte füllen Sie das folgende Formular aus. Ich werde mich dann so schnell als möglich bei Ihnen melden.</p>

Wenn Sie Interesse an den Kursangeboten haben, können Sie sich gerne bei mir melden. Gerne stehe ich Ihnen auch für ein persönliches Gespräch zur  Verfügung. Sie erreichen mich unter der Telefonnummer 07425 – 27 193 oder per Email astridkruse@gmx.de. Alternativ können Sie auch gerne online ein Kontaktformular ausfüllen.   Standort:

Ähnlicher Beitrag

Sie können mir hier gerne Ihre Nachricht hinterlassen und ich werde mich bei Ihnen melden. Hinweise zur Verarbeitung Ihrer Angaben und Widerspruchsrechte: Datenschutzerklärung

März 9, 2014

Willkommen in der Malschule Astrid Kruse Mit einem vielfältigen Kursangebot und Informationen über unsere Arbeit möchte ich Sie in die Welt des Gestaltens hineinnehmen. Lassen Sie sich verzaubern von Formen und Farben.

Der Mensch, das Augenwesen, braucht ein Bild. Leonardo da Vinci Als Künstlerin wie auch als ausgebildete und langjährig praktizierende Heilpraktikerin, mit Ausbildung in Gestaltungstherapie und Altenpflege, habe ich einen umfassenden Blick auf schöpferisches Tun und kreative Prozesse. Kunst ist mehr, als Bilder zu malen. Kunst findet zuerst in jedem Malenden…

Kurse für Erwachsene

Jeder Künstler hat irgendwann einmal als Amateur angefangen. Ralph Waldo Emerson Sie möchten anfangen zu malen und zu zeichnen, oder wieder einsteigen, Sie suchen Ideen und Anregungen oder wollen in Ihrem kreativen Prozess fortfahren? In freundlicher Atmosphäre und Schritt für Schritt erlernen Sie das Umsetzen von Bildern, das Experimentieren mit…

Kurse für Kinder und Jugendliche

Die Kurse  (12 Maltermine) für Kinder ab sechs Jahren und Jugendliche finden entsprechend ihrer Altersstufe an verschiedenen Nachmittagen einmal wöchentlich statt. Es gibt 60- und 90-minütige Kurse. 60min Kurs: 12 x 60 Minuten, € 134,50 inkl. Material 90min Kurs: 12 x 90 Minuten, € 169,80 inkl. Material Regelmäßig präsentieren wir…
